True
Is 22 a factor of 4285379?
False
Does 8 divide 10456?
True
Does 24 divide 67224?
True
Is 163179 a multiple of 8?
False
Is 648157 a multiple of 83?
False
Is 12370464 a multiple of 32?
True
Does 13 divide 18711045?
False
Is 10752 a multiple of 64?
True
Does 63 divide 160335?
True
Is 18 a factor of 6894596?
False
Is 1838040 a multiple of 51?
True
Is 2901988 a multiple of 157?
True
Does 94 divide 1635506?
True
Is 228 a factor of 15937000?
False
Is 1324698 a multiple of 346?
False
Is 377551 a multiple of 221?
False
Does 19 divide 105703?
False
Is 275980 a multiple of 12?
False
Is 435058 a multiple of 377?
True
Does 18 divide 64677?
False
Does 142 divide 4618266?
True
Is 80023 a multiple of 68?
False
Is 6 a factor of 1178297?
False
Does 10 divide 2359720?
True
Is 9832582 a multiple of 626?
True
Is 383033 a multiple of 7?
True
Does 55 divide 1098240?
True
Does 27 divide 1869507?
True
Does 13 divide 491387?
True
Is 79 a factor of 1643200?
True
Is 1067 a multiple of 97?
True
Is 3054 a multiple of 211?
False
Is 427 a factor of 3272955?
True
Is 151 a factor of 3684853?
True
Is 255 a factor of 1922617?
False
Does 355 divide 7589?
False
Does 325 divide 3230640?
False
Is 84513 a multiple of 429?
True
Does 12 divide 1538498?
False
Is 4761167 a multiple of 14?
False
Is 231 a factor of 64218?
True
Is 73 a factor of 4754344?
True
Is 2962523 a multiple of 979?
False
Is 4394978 a multiple of 322?
True
Is 522 a factor of 4446918?
True
Does 9 divide 688763?
False
Is 5 a factor of 962550?
True
Is 1424307 a multiple of 24?
False
Is 158 a factor of 2478704?
True
Is 4543787 a multiple of 6?
False
Is 740934 a multiple of 3?
True
Does 24 divide 397416?
True
Is 3550416 a multiple of 3?
True
Is 41414054 a multiple of 19?
False
Is 87 a factor of 31022?
False
Is 6589749 a multiple of 395?
False
Is 7733390 a multiple of 57?
False
Is 2496551 a multiple of 8?
False
Is 82 a factor of 2952?
True
Does 51 divide 77469?
True
Is 89796 a multiple of 21?
True
Does 95 divide 8023795?
True
Is 68 a factor of 113789?
False
Does 130 divide 326884?
False
Is 35 a factor of 6418458?
False
Is 16 a factor of 12160?
True
Is 6262816 a multiple of 146?
True
Is 43 a factor of 2398927?
True
Is 1873224 a multiple of 12?
True
Does 59 divide 834437?
True
Does 790 divide 2361310?
True
Does 88 divide 697635?
False
Does 11 divide 7227?
True
Does 372 divide 156024?
False
Does 62 divide 10982289?
False
Does 141 divide 11562?
True
Does 4 divide 824488?
True
Is 4 a factor of 338556?
True
Is 85 a factor of 184686?
False
Does 857 divide 403927?
False
Is 739 a factor of 3697956?
True
Is 146562 a multiple of 6?
True
Is 11367 a multiple of 67?
False
Is 51875 a multiple of 26?
False
Is 428649 a multiple of 279?
False
Does 524 divide 449489?
False
Is 15 a factor of 3599253?
False
Does 8 divide 102568?
True
Is 305 a factor of 84582?
False
Is 480484 a multiple of 10?
False
Is 1255 a factor of 2712055?
True
Is 189 a factor of 4682664?
True
Is 68274 a multiple of 3?
True
Is 428592 a multiple of 64?
False
Is 709876 a multiple of 245?
False
Does 9 divide 74891?
False
Is 91217 a multiple of 49?
False
Is 4529024 a multiple of 16?
True
Does 19 divide 126882?
True
Is 59314 a multiple of 49?
False
Is 330380 a multiple of 10?
True
Is 143044 a multiple of 19?
False
Is 4652 even?
True
Is 256284 a multiple of 28?
True
Is 25 a factor of 22400?
True
Does 43 divide 117987?
False
Is 207 a factor of 609408?
True
Is 4794577 a multiple of 55?
False
Is 149 a factor of 187889?
True
Does 500 divide 500237?
False
Is 9 a factor of 20007?
True
Does 78 divide 778440?
True
Is 1805912 a multiple of 872?
True
Does 22 divide 150949?
False
Does 34 divide 415763?
False
Is 3 a factor of 2808?
True
Is 67890 a multiple of 6?
True
Is 8 a factor of 173256?
True
Is 55799 a multiple of 43?
False
Does 120 divide 463320?
True
Is 854 a factor of 588613?
False
Does 3 divide 22293?
True
Does 184 divide 73207?
False
Does 85 divide 540520?
False
Is 12078133 a multiple of 731?
False
Does 1302 divide 11067446?
False
Does 458 divide 565190?
False
Does 7 divide 2486176?
True
Is 958 a factor of 2198339?
False
Does 124 divide 685885?
False
Does 77 divide 676214?
True
Is 852313 a multiple of 11?
True
Is 74 a factor of 1968030?
True
Is 75 a factor of 527369?
False
Does 11 divide 221606?
True
Is 18 a factor of 1205361?
False
Is 77 a factor of 44500?
False
Does 66 divide 246945?
False
Is 7518391 a multiple of 26?
False
Is 1302400 a multiple of 220?
True
Does 125 divide 227125?
True
Does 171 divide 614403?
True
Is 103046 a multiple of 134?
True
Is 7 a factor of 4991574?
True
Is 1725321 a multiple of 378?
False
Is 411582 a multiple of 22?
False
Does 295 divide 109740?
True
Is 6392209 a multiple of 9?
False
Is 26 a factor of 126384?
False
Is 221291 a multiple of 16?
False
Is 1097590 a multiple of 65?
True
Does 78 divide 1250274?
False
Does 194 divide 9981106?
True
Is 2464576 a multiple of 462?
False
Is 34 a multiple of 11?
False
Is 4 a factor of 167988?
True
Does 124 divide 3055789?
False
Is 38571 a multiple of 13?
True
Does 7 divide 44989?
True
Is 65 a factor of 309660?
True
Is 326744 a multiple of 5?
False
Does 429 divide 3029598?
True
Does 42 divide 47618?
False
Is 96638 a multiple of 6?
False
Is 81009 a multiple of 13?
False
Is 6001127 a multiple of 27?
False
Is 11764008 a multiple of 72?
True
Is 1974 a factor of 10619986?
False
Is 163863 a multiple of 9?
True
Does 12 divide 32882?
False
Does 191 divide 223279?
True
Is 1011532 a multiple of 522?
False
Does 19 divide 87357?
False
Does 19 divide 148523?
True
Does 122 divide 585600?
True
Does 362 divide 687800?
True
Is 1181439 a multiple of 423?
True
Does 26 divide 14297062?
True
Is 17 a factor of 263211?
True
Does 15 divide 225298?
False
Does 57 divide 327123?
True
Is 44 a factor of 282684?
False
Does 214 divide 6191811?
False
Does 55 divide 6485?
False
Is 26 a factor of 238025?
False
Is 8432556 a multiple of 331?
True
Is 48 a factor of 83520?
True
Is 18025759 a multiple of 19?
False
Is 6227991 a multiple of 121?
True
Is 10947530 a multiple of 433?
False
Is 165 a factor of 855195?
True
Does 42 divide 76524?
True
Is 66814 a multiple of 134?
False
Is 6 a factor of 13338?
True
Is 613993 a multiple of 724?
False
Is 143057 a multiple of 10?
False
Does 5 divide 38199?
False
Does 24 divide 366624?
True
Does 19 divide 344242?
True
Is 372 a factor of 579948?
True
Is 51 a factor of 161058?
True
Is 510814 a multiple of 9?
False
Is 820455 a multiple of 249?
True
Does 328 divide 8283640?
True
Is 7607741 a multiple of 126?
False
Is 5 a factor of 96425?
True
Is 39757 a multiple of 83?
True
Does 21 divide 1357251?
True
Is 46 a factor of 33350?
True
Is 318 a factor of 585580?
False
Does 18 divide 1447470?
True
Does 45 divide 49189?
False
Is 472807 a multiple of 152?
False
Is 92527 a multiple of 273?
False
Is 89983 a multiple of 63?
False
Is 151337 a multiple of 6?
False
Is 808234 a multiple of 10?
False
Does 962 divide 332852?
True
Is 24 a factor of 189024?
True
Does 8 divide 1683136?
True
Does 64 divide 108480?
True
Does 15 divide 25707603?
False
Is 32458 even?
True
Is 2145559 a multiple of 394?
False
Is 1588 a factor of 4444785?
False
Is 82 a factor of 464202?
True
Is 39 a factor of 25290447?
True
Is 323 a factor of 6795431?
False
Does 158 divide 79618?
False
Is 2007003 a multiple of 177?
True
Is 3388252 a multiple of 98?
True
Is 11035024 a multiple of 44?
True
Is 27 a factor of 26174?
False
Is 517789 a multiple of 173?
True
Is 2366815 a multiple of 23?
True
Is 7 a factor of 610890?
True
Is 267137 a multiple of 707?
False
Is 39 a factor of 168714?
True
Is 30 a factor of 335738?
False
Is 168344 a multiple of 4?
True
Is 875690 a multiple of 10?
True
Does 4 divide 47448?
True
Is 3515261 a multiple of 62?
False
Is 516855 a multiple of 3?
True
Does 53 divide 4580260?
True
Does 37 divide 10767925?
True
Does 49 divide 141002?
False
Is 175086 a multiple of 18?
True
Is 11384524 a multiple of 566?
True
Does 51 divide 1773763?
False
Is 267 a factor of 2626575?
False
Is 1754271 a multiple of 303?
False
Is 1075 a factor of 11715350?
True
Is 25 a factor of 398300?
True
Is 12 a factor of 2847064?
False
Is 31 a factor of 173219?
False
Does 35 divide 17992870?
True
Is 259349 a multiple of 434?
False
Does 21 divide 970998?
True
Is 5126842 a multipl